e ten thousands digit of 378736?
7
What is the hundreds digit of 80825?
8
What is the thousands digit of 73886?
3
What is the tens digit of 212268?
6
What is the ten thousands digit of 790253?
9
What is the hundreds digit of 707233?
2
What is the ten thousands digit of 5719197?
1
What is the tens digit of 7700215?
1
What is the millions digit of 20694006?
0
What is the thousands digit of 406148?
6
What is the units digit of 366037?
7
What is the ten thousands digit of 2135340?
3
What is the thousands digit of 1221282?
1
What is the hundreds digit of 1666343?
3
What is the thousands digit of 99800?
9
What is the thousands digit of 659356?
9
What is the ten thousands digit of 3239144?
3
What is the units digit of 6944988?
8
What is the thousands digit of 7723584?
3
What is the hundreds digit of 119283?
2
What is the ten thousands digit of 13787675?
8
What is the thousands digit of 804405?
4
What is the tens digit of 1894273?
7
What is the tens digit of 249616?
1
What is the hundreds digit of 241144?
1
What is the hundred thousands digit of 21447381?
4
What is the hundreds digit of 932590?
5
What is the thousands digit of 3595885?
5
What is the units digit of 91654?
4
What is the hundreds digit of 206117?
1
What is the units digit of 316348?
8
What is the thousands digit of 14780156?
0
What is the thousands digit of 270691?
0
What is the tens digit of 14563977?
7
What is the units digit of 389661?
1
What is the tens digit of 2140766?
6
What is the units digit of 1286736?
6
What is the tens digit of 1870024?
2
What is the millions digit of 11587454?
1
What is the hundreds digit of 7958571?
5
What is the ten thousands digit of 118516?
1
What is the ten thousands digit of 21619?
2
What is the hundred thousands digit of 11406148?
4
What is the thousands digit of 3958342?
8
What is the hundreds digit of 1667613?
6
What is the thousands digit of 6904981?
4
What is the ten thousands digit of 488273?
8
What is the tens digit of 41246260?
6
What is the hundred thousands digit of 2599140?
5
What is the hundreds digit of 6790052?
0
What is the units digit of 885575?
5
What is the hundred thousands digit of 5785307?
7
What is the hundreds digit of 2401812?
8
What is the tens digit of 26242?
4
What is the thousands digit of 67701?
7
What is the units digit of 5223673?
3
What is the tens digit of 2439264?
6
What is the hundred thousands digit of 169741?
1
What is the tens digit of 1740699?
9
What is the tens digit of 1191941?
4
What is the ten thousands digit of 161110?
6
What is the millions digit of 2600055?
2
What is the tens digit of 9514?
1
What is the units digit of 750645?
5
What is the thousands digit of 2362650?
2
What is the tens digit of 282487?
8
What is the thousands digit of 1480157?
0
What is the millions digit of 3599292?
3
What is the tens digit of 947076?
7
What is the hundred thousands digit of 4156344?
1
What is the tens digit of 2371452?
5
What is the hundreds digit of 84641?
6
What is the ten thousands digit of 1289153?
8
What is the units digit of 225212?
2
What is the thousands digit of 2649490?
9
What is the hundred thousands digit of 7129937?
1
What is the hundred thousands digit of 541790?
5
What is the units digit of 43402?
2
What is the hundred thousands digit of 1965431?
9
What is the tens digit of 906323?
2
What is the hundreds digit of 86200?
2
What is the hundreds digit of 19383?
3
What is the tens digit of 308107?
0
What is the tens digit of 737401?
0
What is the hundred thousands digit of 979594?
9
What is the millions digit of 8431448?
8
What is the hundreds digit of 290686?
6
What is the hundreds digit of 261749?
7
What is the millions digit of 30511013?
0
What is the units digit of 895822?
2
What is the hundreds digit of 960339?
3
What is the hundred thousands digit of 275986?
2
What is the thousands digit of 210536?
0
What is the tens digit of 120125?
2
What is the millions digit of 20735811?
0
What is the units digit of 16978201?
1
What is the hundreds digit of 597649?
6
What is the hundred thousands digit of 778472?
7
What is the units digit of 531274?
4
What is the ten thousands digit of 638212?
3
What is the hundreds digit of 37646827?
8
What is the tens digit of 572897?
9
What is the ten thousands digit of 282571?
8
What is the ten thousands digit of 350768?
5
What is the ten thousands digit of 249611?
4
What is the ten thousands digit of 641036?
4
What is the hundred thousands digit of 509325?
5
What is the units digit of 1612411?
1
What is the tens digit of 5515131?
3
What is the hundreds digit of 26143756?
7
What is the hundred thousands digit of 476137?
4
What is the millions digit of 9495696?
9
What is the hundred thousands digit of 9718199?
7
What is the ten thousands digit of 335008?
3
What is the tens digit of 12191067?
6
What is the hundred thousands digit of 1920355?
9
What is the thousands digit of 85293?
5
What is the ten millions digit of 26408008?
2
What is the units digit of 25862607?
7
What is the thousands digit of 18215214?
5
What is the ten thousands digit of 1919250?
1
What is the tens digit of 503037?
3
What is the tens digit of 12481?
8
What is the thousands digit of 52892?
2
What is the ten thousands digit of 432352?
3
What is the ten thousands digit of 16521945?
2
What is the thousands digit of 7994030?
4
What is the hundred thousands digit of 6978407?
9
What is the ten thousands digit of 5113758?
1
What is the hundreds digit of 163474?
4
What is the thousands digit of 13453926?
3
What is the thousands digit of 363124?
3
What is the hundreds digit of 4175223?
2
What is the ten thousands digit of 912931?
1
What is the thousands digit of 15663917?
3
What is the thousands digit of 976057?
6
What is the thousands digit of 800692?
0
What is the hundreds digit of 6143083?
0
What is the units digit of 552420?
0
What is the tens digit of 1023788?
8
What is the ten thousands digit of 324021?
2
What is the thousands digit of 283369?
3
What is the hundred thousands digit of 12378063?
3
What is the ten thousands digit of 234747?
3
What is the millions digit of 5026923?
5
What is the ten thousands digit of 13270664?
7
What is the thousands digit of 1696751?
6
What is the ten thousands digit of 4031601?
3
What is the units digit of 2158880?
0
What is the units digit of 159362?
2
What is the tens digit of 3203844?
4
What is the ten thousands digit of 814517?
1
What is the hundred thousands digit of 649208?
6
What is the ten thousands digit of 269557?
6
What is the ten thousands digit of 5220700?
2
What is the tens digit of 4515027?
2
What is the units digit of 13927912?
2
What is the hundreds digit of 48167?
1
What is the hundred thousands digit of 917650?
9
What is the ten thousands digit of 143330?
4
What is the ten thousands digit of 306159?
0
What is the tens digit of 295551?
5
What is the tens digit of 19675?
7
What is the units digit of 14100896?
6
What is the units digit of 7317866?
6
What is the tens digit of 284865?
6
What is the thousands digit of 193630?
3
What is the hundred thousands digit of 177021?
1
What is the tens digit of 477548?
4
What is the millions digit of 1550180?
1
What is the tens digit of 3101989?
8
What is the ten thousands digit of 14650595?
5
What is the tens digit of 4354985?
8
What is the hundred thousands digit of 2965505?
9
What is the units digit of 3076706?
6
What is the units digit of 4451002?
2
What is the hundreds digit of 263871?
8
What is the tens digit of 628209?
0
What is the units digit of 543482?
2
What is the hundreds digit of 3026414?
4
What is the tens digit of 5459677?
7
What is the tens digit of 213116?
1
What is the units digit of 282703?
3
What is the hundred thousands digit of 3002106?
0
What is the tens digit of 4411325?
2
What is the ten thousands digit of 2193759?
9
What is the millions digit of 2500208?
2
What is the millions digit of 2260672?
2
What is the units digit of 5998975?
5
What is the tens digit of 69696?
9
What is the millions digit of 2489490?
2
What is the ten millions digit of 14419366?
1
What is the thousands digit of 1483554?
3
What is the millions digit of 14606768?
4
What is the ten thousands digit of 8324869?
2
What is the tens digit of 267980?
8
What is the units digit of 663544?
4
What is the hundred thousands digit of 338248